nder when y is divided by 13?
12
Let v = -20 - -20. Let x(n) = -n + 29. Calculate the remainder when 114 is divided by x(v).
27
Let c = -3 + -2. Let w = 3 - c. What is the remainder when w is divided by (-13)/(-5) - 6/(-15)?
2
Let m(z) = 4*z + 1. Let l = -6 + 9. Suppose h + l*h = 36. Calculate the remainder when m(6) is divided by h.
7
Suppose 0 = -3*s + 4 + 5. Calculate the remainder when 42 is divided by s.
0
Let d(u) be the first derivative of -u**4/4 - 2*u**3/3 + 3*u**2/2 - u - 3. Let s be d(2). What is the remainder when 43 is divided by (3 - (-1 + s))/1?
13
Suppose 30 = 6*r - 5*r. Calculate the remainder when 57 is divided by r.
27
Suppose 2*u - 46 = -3*a, 2*a = 2*u - 3*a - 46. What is the remainder when 43 is divided by u?
20
Suppose -4*v = -0*v - 3*f - 27, 0 = f - 3. Let w = 85 - 68. Calculate the remainder when w is divided by v.
8
Let w = -4 - -9. Suppose -2*n = -w*n + 9. What is the remainder when 5 is divided by n?
2
Suppose -3*b + 7 = 4*d + 1, 5*d + 8 = 4*b. Suppose s - 14 = -g, b*s + 3*s - 73 = -2*g. Let q = -439 - -443. What is the remainder when s is divided by q?
3
Suppose 3*h = 162 + 75. Calculate the remainder when h is divided by 27.
25
Let d(s) = s**3 + 6*s**2 + 6*s + 5. Let j(u) = -u**2 - 4. Let q be j(0). What is the remainder when 24 is divided by d(q)?
11
Let q = 27 - 14. What is the remainder when 64 is divided by q?
12
Let z be (-12)/(-3)*(-9)/(-1). Let j be 2 + -2 + 1 + z. Calculate the remainder when 2 + (-2 - 0) + j is divided by 13.
11
Let z(x) = 18*x**3 - x. Let h be z(1). Suppose h = 4*t - 7. Suppose -1 = -v + 3. Calculate the remainder when t is divided by v.
2
What is the remainder when -3 + 17 + 3 - -2 is divided by 4?
3
Let t = -3 + 0. What is the remainder when (-5)/((-10)/t)*-14 is divided by 6?
3
Suppose 0 = -6*u + 22*u - 1744. Calculate the remainder when u is divided by 37.
35
Suppose 0*q = -3*q + 12. Suppose -48 = -4*v - 0*h + 4*h, -q*v + 57 = -h. Calculate the remainder when (v/6)/((-3)/(-6)) is divided by 2.
1
Suppose 6*x = 5*x + 2. Suppose -x*f + 4 = -54. What is the remainder when 84 is divided by f?
26
Let m be 6/(-27) - (-362)/9. Let u be (-6)/4*m/(-6). Let c = -6 + u. Calculate the remainder when 7 is divided by c.
3
Suppose 2*w = -0*w + 16. Let f = 2 + 18. Suppose -u + 5*u = f. Calculate the remainder when w is divided by u.
3
Suppose -2*y + 5 = 5*u - 5, -5*y - 3*u + 6 = 0. Let b = 0 + y. What is the remainder when ((-13 - 0) + b)/(-1) is divided by 8?
5
Suppose 3*p - 12 = -t + p, -4*t = -2*p - 8. Suppose -4 + 20 = t*b. Let x(d) = d**3 - d + 1. What is the remainder when x(2) is divided by b?
3
Suppose m = -4*j - 515, 0*j - 2*j = -m - 545. Suppose 0 = -28*q + 27*q - 1. Calculate the remainder when q/(-4) - m/20 is divided by 14.
13
Suppose -4*w = -w - 18. Suppose -5*d = -4 - 11. What is the remainder when w is divided by d?
0
Let a be 4 + -3 - (-22)/2. Let i be (1/1 - -1) + a. Suppose -2*j - i = -3*z + 2, -5*j = 2*z + 21. Calculate the remainder when z is divided by 2.
0
Calculate the remainder when 27 is divided by (8/12*-21)/(-2).
6
Let i be 74/5 + 1/5. Suppose 0 = 2*p - 4*c - 30, 0*p = -p - 5*c + i. Calculate the remainder when p is divided by 22/4 + 1/2.
3
Let j = 3 - -5. Let m(t) = -5*t + 3. Let b = -8 + 4. Calculate the remainder when m(b) is divided by j.
7
Suppose y = -h + 10, -55 = -3*y + 4*h - 2*h. Let k = y + 5. Calculate the remainder when k is divided by 7.
6
Let t(l) = l**3 + 6*l**2 - 10*l - 2. Let z be (-6)/8 + 25/(-4). What is the remainder when 37 is divided by t(z)?
18
Suppose -100 = 5*y - 10*y. What is the remainder when y is divided by 7?
6
Suppose 0*j - j + 37 = -2*a, -13 = a + 5*j. Let m = a + 29. What is the remainder when m is divided by 6?
5
Calculate the remainder when (2*(0 - -30))/(3/4) is divided by 28.
24
Suppose 0 = -5*i + 2*q + 117, -i - 8 = q - 30. Calculate the remainder when (-1)/(-1 - 132/(-134)) is divided by i.
21
Let o be (1*-3)/1*-1. Let a = 3 - o. Let b(q) = -q + 9. Calculate the remainder when b(a) is divided by 5.
4
Suppose 0*c + 32 = 4*c. Suppose -f = -4*g - 42, 0 = 3*f - 3*g + 7*g - 46. Calculate the remainder when f is divided by c.
6
Suppose i - 2*i + 4 = 0. Suppose 8 = -0*f + i*f. Let k = 8 - 6. Calculate the remainder when f is divided by k.
0
Suppose 13 = 3*v - 8. Suppose 0 = 3*n + 2*w - v, -2*w - 11 = -3*n - 0*n. What is the remainder when n is divided by 3?
0
Let f = 4 + -2. Suppose f*l = -2*l + 52. Calculate the remainder when 37 is divided by l.
11
What is the remainder when 124/9 + (-4)/(-18) is divided by 4?
2
What is the remainder when (-12)/(-9)*36 + (0 - 0) is divided by 13?
9
Let b be 2*(-7)/(-2) + 0. Let c be (-23)/b + (-10)/(-35). What is the remainder when 5 is divided by 1*(c + 8 + -3)?
1
Suppose 2*p = i + 51, 2*i + 66 = 2*p - 2*i. Suppose -5*j - 13 = 4*d - 65, 4*j - 3*d - p = 0. Calculate the remainder when j is divided by 1/(-4) + (-63)/(-12).
3
Let j = 14 + -11. Suppose 0 = -x + j + 13. What is the remainder when 61 is divided by x?
13
Let w(f) = -f**2 - 13*f - 26. What is the remainder when 51 is divided by w(-8)?
9
Let g(c) = 2*c - 8. Calculate the remainder when 41 is divided by g(7).
5
What is the remainder when ((-2)/(-5))/((-1)/(-5)) is divided by 2?
0
Suppose 0 = 3*a - g - 45, 3*g + 75 = 5*a + g. Let m = -26 + 34. Calculate the remainder when a is divided by m.
7
Let f(k) = 2*k + 173. Calculate the remainder when f(0) is divided by 44.
41
Suppose -3*l + 2*z = -26, -10 = 2*l - 3*z - 29. Calculate the remainder when 54 is divided by l.
6
Suppose 2*x = -3*x + 385. What is the remainder when x is divided by 13?
12
Let w(m) = -m**2 - m + 5. Let h be w(-5). Let p be h/10*10/(-3). Suppose -p*q + 45 = -15. What is the remainder when 22 is divided by q?
10
Let b = 34 - 14. Calculate the remainder when b is divided by 7.
6
Let u = -93 - -142. Suppose -3*f + 4*b = -16 - 36, -3*f + b = -u. What is the remainder when f is divided by 6?
4
Calculate the remainder when 63/2 - (-15)/10 is divided by 6.
3
Let c(z) = -z**3 + 7*z**2 - 6*z + 5. Let i be c(4). Let m = -20 + i. What is the remainder when 35 is divided by m?
8
Let j(f) = f**2 + 9*f + 11. Calculate the remainder when 6 is divided by j(-8).
0
Suppose 7 = 2*d - 5*a - 9, 0 = 3*d + a - 41. Suppose 0 + 4 = 2*y. Suppose -y*g = 3*g - 185. Calculate the remainder when g is divided by d.
11
Suppose 3*h - 79 = -22. Let k(z) = -z**2 + 7*z - 7. Let b be k(8). Let g = b - -25. What is the remainder when h is divided by g?
9
Suppose -27 - 34 = -z. Calculate the remainder when z is divided by 16.
13
Let j be (-1)/(-2)*(5 - 1). Suppose 0 = -j*v - 5*g + 94, 4*v - v - 95 = 4*g. Calculate the remainder when v is divided by 20.
17
Let o be (0 + -2 + 2)/(-1). Suppose o = 3*x - 4*x + 53. Calculate the remainder when x is divided by 28.
25
Suppose 74 = 2*m - 2. What is the remainder when m is divided by 4?
2
Let g(t) = -t**3 - 7*t**2 - 14*t - 13. Calculate the remainder when g(-6) is divided by 19 - (-2)/(2*-1).
17
Let t = 37 + -25. Calculate the remainder when t is divided by 7.
5
Let m(v) = v**3 - 5*v**2 - 6*v + 2. Let q be m(6). Let u = q - 0. Let a(b) = b - 2. Calculate the remainder when a(5) is divided by u.
1
Let t(r) = r**3 - 3*r**2 - 3*r - 4. Let c be t(3). Calculate the remainder when c*(-2 - -1 - 0) is divided by 5.
3
Suppose -4*a + 7*a = -99. Let o be a/(-21) + (-6)/(-14). Suppose o*q = q + 2*s + 16, -36 = -2*q + 2*s. What is the remainder when 38 is divided by q?
18
Calculate the remainder when (1 + (-9)/(-2))*4 is divided by 6.
4
Suppose -140 = -27*i + 17*i. Calculate the remainder when 54 is divided by i.
12
Let o(c) = 4*c - c - 8 - 20*c + 9*c. What is the remainder when o(-7) is divided by 17?
14
Suppose -5*n + n = -96. Calculate the remainder when 71 is divided by n.
23
What is the remainder when (-2020)/(-8) - 15/6 is divided by 42?
40
Suppose 2*j = 19 + 3. Let k(t) = -t**3 + 11*t**2 + 4. Suppose -4*s = -2*s - 22. What is the remainder when j is divided by k(s)?
3
Let a(f) = 24*f - 49. What is the remainder when a(5) is divided by 18?
17
Suppose v - 16 = -4*q, 2*v - 82 = 3*q + 5. What is the remainder when v is divided by 19?
17
Let l(u) = u + 2. Let a(b) = -13*b**2 - 2*b - 1. Let f be a(-1). Let j = f + 19. Calculate the remainder when j is divided by l(2).
3
Let g be 4*(2 - (-